) be the second derivative of -f**5/20 + f**4/2 - 4*f**2 - 12*f. What is u(6)?
-8
Let k(s) be the third derivative of 7*s**2 + 2/3*s**3 + 0 - 1/24*s**4 + 0*s. Determine k(-4).
8
Let l(g) = -5*g - 2. Let m = -141 - -137. Calculate l(m).
18
Let w(a) = 5 + 5*a - 5. Let d(r) = r - 4. Let h be d(3). Let s be h/3 - 4/6. What is w(s)?
-5
Let a = -4 + 0. Let t(z) = -3*z**2 - 2*z - 4. Let k(p) = p**2 + p. Let j(s) = 4*k(s) + t(s). What is j(a)?
4
Let v = 10 + -16. Let g = 10 + v. Let k(s) = -2*s - g - 3*s + 6 + 2*s. Give k(-2).
8
Let g = -3 + 4. Let v(d) = 6*d**2 - 3. Let t(o) = 31*o**2 - 16. Let s(l) = 2*t(l) - 11*v(l). Determine s(g).
-3
Suppose 8*w = 3*w + 2*s, -4*s = 2*w. Suppose 15 = -w*y + 3*y. Let m(a) = -a + 2 + 0 + y. Give m(0).
7
Let z = -1 - -3. Suppose 40 = 4*v - q - 4, 0 = -z*q. Let s(n) = -2 + 6*n + 0 - v*n - n**2. Give s(-4).
2
Let z(l) = 2*l + 1. Let g be z(-3). Let h = g - -7. Let k(m) = 37 - 4*m**2 + m**2 + 27 + 3*m - 67. What is k(h)?
-9
Let o be 6/4*(-8)/(-3). Suppose 0 = 2*i + l - 18 + 1, o = 4*i - 4*l. Let q(h) = -4*h - i + h + h. Give q(-5).
4
Let g = 7 - 4. Let z(k) = -7*k**2 - 15*k - 5. Let r(x) = 3*x**2 + 7*x + 2. Let d(n) = -9*r(n) - 4*z(n). Determine d(g).
2
Let s(p) = 2*p**2 - p**3 + 4 - p**2 - p + 0*p**3. Let l = 147 + -147. Give s(l).
4
Let x(b) = 2*b - 1. Let i(h) be the second derivative of -h**5/20 + h**4/3 + h**3/6 - 3*h**2/2 + 5*h. Let t be i(4). Give x(t).
1
Let r(w) = -15*w + 1. Suppose -1 - 3 = -4*k. Determine r(k).
-14
Let a(s) be the second derivative of -s**4/24 - 2*s**3/3 - s**2/2 + 2*s. Let b(i) be the first derivative of a(i). Suppose w = -0*w - 3. Calculate b(w).
-1
Let m be (2/4)/((-2)/12). Let c(u) = -2*u**2 - 2*u - 1. Calculate c(m).
-13
Let o(d) = 2*d. Let t = -17 - -13. What is o(t)?
-8
Let a(z) = -z**3 + 4*z**2 - 3*z + 5. Let i(n) = 2*n**2 + 1. Let j be i(2). Let h(b) = -b**3 - 2 + 7*b**2 - 2 + j*b + 0. Let d be h(8). What is a(d)?
-7
Let x(v) be the third derivative of -v**7/840 - 7*v**6/360 - 7*v**5/120 - v**4/6 - v**3/6 - v**2. Let y(b) be the first derivative of x(b). Determine y(-6).
2
Let i(z) be the first derivative of -1/3*z**3 + 6*z - 1/2*z**2 + 2 - 1/4*z**4. Suppose -2*q - 4 = -u, -u + 7 = -3*q + 1. Calculate i(u).
6
Suppose 3*j - 5*j + 6 = 0. Let g be (3 - 0 - 1)/1. Let z(y) = 0*y + g*y + 4 - 5*y + y**2. Calculate z(j).
4
Let w = 12 + -10. Let b be (w + -5)*(-10)/6. Let a(z) = -z. Calculate a(b).
-5
Let j(z) be the first derivative of z**3/3 - z**2 + 3. Suppose -r = -3*r + 12. Suppose -3*t + r = -0. Give j(t).
0
Let o(s) = 7*s**3 - 11*s**2 + 2*s + 11. Let j(a) = 3*a**3 - 6*a**2 + a + 6. Let v(n) = 11*j(n) - 6*o(n). Determine v(1).
-10
Let n(f) = f**3 + 3*f**2 - 3*f + 1. Let m(u) = 4*u + 9. Let w be m(-3). Calculate n(w).
10
Let q(n) = -2*n**2 + n. Let c be (-1 + -6)*32/(-112). Suppose -6 = c*v, 4*y + 5*v = y - 18. Determine q(y).
-3
Suppose 11 = -5*y + 1. Let r(g) = -g**3 + g**2 + g - 1. Let a(j) = 3*j**3 - 5*j**2 + 2*j + 2. Let o(c) = y*r(c) - a(c). Give o(3).
-12
Let u(o) be the first derivative of o**3/3 - o**2 + o + 9. Determine u(1).
0
Let p be 27/(-6) + 1/(-2). Let l = -5 - p. Suppose 0 = -s - 2*y - 3 - 1, -3*y - 9 = l. Let z(x) = -3*x**2 + 3*x - 1. Calculate z(s).
-7
Let s(u) = -2*u - 4. Suppose 1 = -l + 10. Let i be -3 - 3/l*0. Determine s(i).
2
Let c(p) be the third derivative of p**6/120 - p**5/10 + p**4/3 - p**3/2 - 10*p**2. Calculate c(5).
12
Let t(p) be the first derivative of -p**5/30 - p**4/24 - 2*p**3/3 - 3. Let r(x) be the third derivative of t(x). Determine r(1).
-5
Let i(u) = -u**3 - 8*u**2 - 2. Let m(z) = z**2 + z. Let y(n) = -i(n) - 5*m(n). Let k be (-1)/1 - 1 - 2. Give y(k).
6
Suppose -3*s + 5 - 2 = 0. Suppose -s = u - 2. Let a(o) = -2*o**2. Determine a(u).
-2
Let j(c) = -c**3 - 204*c**2 - 2 + 206*c**2 + 4*c - 5*c. Give j(2).
-4
Suppose 3*p = -p + 8. Suppose p*m - 5 = 5. Suppose 17 = 2*h - m*t, 4*t - 7 + 24 = 5*h. Let d(k) = -k + 1. Give d(h).
0
Suppose -2 = -k - 0. Let s(v) be the third derivative of 1/3*v**3 + 0*v**4 + 0 + 2*v**k + 1/60*v**5 + 0*v. Calculate s(-2).
6
Let r(l) be the third derivative of -l**6/120 - l**5/15 - l**4/8 + 6*l**2. What is r(-3)?
0
Let a(k) be the third derivative of 1/4*k**4 + 0*k + 1/120*k**6 - 1/6*k**3 - 4*k**2 + 7/60*k**5 + 0. Give a(-6).
-1
Suppose -3*c - 5*f + f - 78 = 0, -3*c = 3*f + 81. Let i be (8/12)/(4/c). Let k = 0 - i. Let l(g) = -g**2 + 4*g + 7. Determine l(k).
2
Let x(y) be the second derivative of y**4/12 - y**3/2 - 2*y**2 - 8*y. Calculate x(3).
-4
Let c(y) be the first derivative of -4 - 2*y**2 + 1/4*y**4 + 6*y + 4/3*y**3. Give c(-5).
1
Let h(t) = -6*t - 13. Let j(p) = p + 1. Let i(x) = h(x) + 5*j(x). Let b = 18 + -16. Suppose m - b*o - 6 = -4*m, 9 = -m - 3*o. Calculate i(m).
-8
Let i be 64/24*(-24)/(-2). Suppose -5*t + 2*t - 2 = 5*x, -2*t + i = -5*x. Let c(u) = u - 8. What is c(t)?
-2
Let v be 48/30*5*-1. Let y(g) = -g**3 - 9*g**2 - 9*g + 3. Determine y(v).
11
Suppose 0*r - 5*r = 5. Let p be -6*(-1)/2 + r. Let y(l) = l**3 - 4*l**2 + l + 1. Calculate y(p).
-5
Let s = 40 + -45. Let z(t) = -t**2 - 4*t + 5. Calculate z(s).
0
Let n(l) = -l - 3 + 3 + 4. Give n(0).
4
Suppose -2*n + n + 2 = 0. Suppose 3*x - 25 = -2*x, -n*t + 5*x = 21. Let o(p) = -7*p - 7. Let l(v) = -20*v - 20. Let m(h) = 6*l(h) - 17*o(h). Determine m(t).
-3
Let d(k) be the third derivative of -k**8/6720 + k**7/2520 + k**6/360 + k**5/120 + k**4/24 + k**2. Let n(l) be the second derivative of d(l). What is n(3)?
-11
Let f(p) be the first derivative of -1/2*p**2 + 7 - 3/2*p**4 + 0*p**3 + p. Give f(1).
-6
Let p(s) = s**3 - s**2. Let c(n) = 5*n**3 + 3*n**2 + 6*n + 7. Let u(d) = c(d) - 4*p(d). What is u(-6)?
7
Let l be 5/(5/2) + -2. Suppose -5*p - 2 - 3 = l. Let c be 0/(p*2/2). Let d(m) = m**2 - 2. Give d(c).
-2
Let b(v) = -v**3 - 2*v**2 + 2*v. Let u be b(-3). Suppose 2*d - u*d + 2 = 0. Let k(y) = -y - y**d - 2 - 2 - y. Give k(-3).
-7
Let j(f) = -f - 2. Let u(z) = 3*z + 5. Let i(p) = -5*j(p) - 2*u(p). Let h(g) = g**3 - 7*g**2 + 6*g - 2. Let o be h(6). Give i(o).
2
Let u(c) = 3*c - 19. Let s be u(8). Let v(d) = -d + 4. Determine v(s).
-1
Let k(n) = -2*n + 1. Let s(x) = -1. Let g(h) = -k(h) + 4*s(h). Determine g(-5).
-15
Let m be (1 - 2) + 2*3. Suppose 2*s + m*g = -26, 0 = 2*s + 3*g + 18. Let d(t) be the second derivative of -t**4/12 - t**3/6 - 15*t. What is d(s)?
-6
Let k(h) be the second derivative of -h**3/6 - 3*h**2 - 6*h. Give k(-5).
-1
Let u(k) = 4*k + 1. Suppose -2*o - 2*v - 6 = -4*o, -3*o + 5*v + 13 = 0. Give u(o).
5
Let b(z) be the third derivative of -z**6/120 + z**5/20 + z**4/6 - 2*z**3/3 - 18*z**2. Determine b(4).
-4
Let o(j) = j - 1. Let k(n) = 3*n - 2. Let y(v) = k(v) - 2*o(v). What is y(-7)?
-7
Let c(j) = -4*j + 6*j + 7 + 5*j**2 - 6. Determine c(-1).
4
Let d(h) = -h + 6. Let g(z) = 5*z**2 - z. Let t be g(1). Determine d(t).
2
Let x(b) = -b**2 + 3. Let l(k) = 2*k**2 - 4. Let q(o) = 2*l(o) + 3*x(o). Determine q(3).
10
Let v(u) = 2*u**3 - 3*u**2 + u + 3. Let y(d) be the first derivative of 2/3*d**3 - 2*d - 2 + 0*d**2 - 1/4*d**4. Let x(t) = 2*v(t) + 5*y(t). What is x(4)?
4
Let z(i) = i - 9. Suppose 3 - 19 = -2*d. What is z(d)?
-1
Let n = 2 + 3. Let u(i) = -2*i + 6. Calculate u(n).
-4
Let x(n) = n**3 + 3*n**2 + n - 1. Let s = -12 + 6. Let j(v) = -v**2 - 3*v + 8. Let g be j(s). Let z be 4/g - 24/15. Give x(z).
1
Let i(x) be the third derivative of x**5/60 - x**4/24 - 13*x**3/6 - 3*x**2. What is i(0)?
-13
Let a be (-12)/18 + (-2)/(-3). Let o(n) = -1 - n - 2 - 3. Give o(a).
-6
Let l(n) = 5*n + 20. Let r(c) = 2*c + 7. Let z(s) = -6*l(s) + 17*r(s). Let k(y) = 3*y**3 - 2*y + 1. Let i be k(1). Let u = -3 + i. Give z(u).
-5
Let k(m) = m**2 + 9*m + 4. Let d be k(-9). Let a(o) = d + 2 - 3 - 2 - 2*o. Give a(-4).
9
Let d = 3 + -2. Suppose -3 = 3*z + 2*o - 15, -5*z + 3*o + 1 = 0. Let q(y) = -2*y + 1 - y**z - 4*y**2 + y. Give q(d).
-5
Let v(d) be the first derivative of -d**3/3 + 3*d**2/2 + 4*d + 4. Give v(5).
-6
Let x(k) = -k**3 + 6*k**2 - 1. Let w(i) = i**3 - 3*i**2 + i + 2. Let c be w(3). Suppose c*f + 3*t = 2*t + 29, -3*t + 9 = 2*f. Give x(f).
-1
Suppose 3*s - 10 = -5*v, -s + 0 - 8 = -4*v. Let a(d) = v*d - 1 - 3 + 8. What is a(-5)?
-6
Let u(q) be the third derivative of -q**5/60 - q**4/12 + 5*q**2. Determine u(-2).
0
Let a(k) be the first derivative of -k**3/3 + 3*k*